culate q(u).
13
Let m = -64 - -73. Let i(w) = 4*w + 0*w - w - 2*w - 9. What is i(m)?
0
Let p(d) = d**3 + 5*d**2 + d - 1. Let j(z) = -z**2 - z - 9. Let y be j(0). Let f be (4*(4 - 2))/(7 + y). What is p(f)?
11
Let x(b) = 3*b - 2. Let w(c) = -6*c + c + 19 - 15. Suppose -26 = 4*t - 2*a, 4*t + 1 = -3*a - 0. Let j(m) = t*w(m) - 7*x(m). Calculate j(3).
-5
Let w(p) be the first derivative of -2*p**2 + 3*p + 185. Suppose -3*z + 4*j - 24 = -4*z, -j = 3*z - 17. What is w(z)?
-13
Let q(y) = y**2 - 47*y - 56. Let r(i) = i**2 - 39*i - 56. Let k(g) = 2*q(g) - 3*r(g). Calculate k(25).
6
Suppose 3*y = -136 + 16. Let m be (-968)/y - (-3)/(-15). Let p = m + -24. Let f(i) = i + 4. Determine f(p).
4
Let m(x) = -3*x**2 - 6*x + 2. Let n(g) = -g**2 + 1. Let l be (12/24)/((-2)/(-8)). Let s(w) = l*n(w) - m(w). Let t be (4/(-6))/(1/9). What is s(t)?
0
Let b(p) = 7*p**3 - p**2 + 7*p + 5. Let f(t) = t - 9. Let u be f(8). Let g(j) = -j**3 + j**2 - j - 1. Let w(y) = u*b(y) - 6*g(y). What is w(-5)?
6
Let f(i) = 9*i**2 - 4*i + 2. Let w be f(2). Let c = -34 + w. Let y(t) = t**3 + 4*t**2 - 5*t - 5. Give y(c).
15
Suppose 24 = 4*q - q. Let x(r) = 0*r**2 + 3*r**2 + 7*r**3 + 0*r**2 + 5*r - q*r**3 + 2. Let c be x(4). Let d(z) = z + 3. Determine d(c).
9
Let j(a) = 25 + a - 19 + 0*a + 11. Let i be j(-10). Let t(d) = -d**2 + 10*d - 5. Calculate t(i).
16
Let k be (-1)/((-116)/60 + 2). Let r = k - -18. Let v(x) = -x**3 + 3*x**2 - 5*x + 4. Determine v(r).
-11
Suppose -10 = 5*y - 5*p, -4*y - 2*p - p + 20 = 0. Let a(o) be the first derivative of o**4/4 - o**3 - o**2 - o - 368. What is a(y)?
-9
Suppose -104 = 2*n + 4*h - 102, -3*n + 17 = -4*h. Let v(m) be the third derivative of 0*m - 2/3*m**n + 3*m**2 + 0 + 1/24*m**4. Calculate v(6).
2
Let z(l) = 5*l - 28. Let g(q) = -2*q + 9. Let v(j) = -8*g(j) - 3*z(j). What is v(-20)?
-8
Suppose -42*p = -2*x - 47*p - 6, 0 = -2*x + 3*p + 10. Let w(i) be the second derivative of 2/3*i**3 + 2*i**x - 8*i + 0. Determine w(-5).
-16
Let h(m) = m - 5. Let v(j) = j**2 + 75*j - 149. Let y be v(-77). Give h(y).
0
Let l = 332 - 663/2. Let i(x) be the second derivative of 0 + l*x**3 - 5/2*x**2 + x. Determine i(6).
13
Suppose 25 = -32*m - 7. Let r(d) = d. Determine r(m).
-1
Suppose 4*c + y = -35, 15*y - 11*y + 23 = -3*c. Let q(j) = j**3 + 10*j**2 + 9*j - 13. Determine q(c).
-13
Let z = 63 - -10. Let a = z - 74. Let v(h) = -9*h. Determine v(a).
9
Let p(k) be the second derivative of -k**4/12 + 7*k**3/6 - 3*k**2/2 - 71*k. Give p(6).
3
Let t(u) = u**2 - 3*u + 1. Let w(n) be the third derivative of n**6/120 + n**5/20 - 3*n**4/8 + 7*n**3/6 - 59*n**2. Let a be w(-5). Determine t(a).
-1
Let m(g) = 2 - 4601*g + 6*g**2 + 0 + 4597*g. Determine m(2).
18
Let x(j) = -2*j + 2. Let v(i) = -i**2 + 16*i - 10. Let p be v(15). Suppose 0 = p*q - 4*q - 5. Suppose 4*k = -q + 13. What is x(k)?
-2
Let t(v) = v**3 - 3*v + 1. Let j be ((-5)/(10/(-3)))/(66/88). Calculate t(j).
3
Let v(p) = -14*p + 20. Let k(d) = -d**2 - 6*d + 9. Let y be k(-7). Determine v(y).
-8
Let u(i) = 7*i - 5. Let p(a) = -18*a + 12. Let c(m) = 2*p(m) + 5*u(m). Calculate c(9).
-10
Let y(d) = d**3 - 7*d**2 + 7*d - 2. Suppose 5*x - 3*t - 28 = -7*t, 5*t = 10. Suppose -x*n = -m - 2 - 17, -3*m - 7 = -2*n. Give y(n).
-17
Let h(n) be the third derivative of 1/120*n**6 + 1/2*n**3 + 0 + 1/20*n**5 + 0*n - n**2 + 1/12*n**4. Suppose -9 = 5*f + 2*x + 10, 4*f + 8 = 2*x. Determine h(f).
-3
Let o(z) = 8*z - 2*z - 8*z + 1 - 15*z. Determine o(-3).
52
Suppose 4*a + 4 = 5*o, -5*a - 7*o + 10*o + 8 = 0. Let z(g) = g**3 - 16*g - 4. Calculate z(a).
-4
Let k(s) = -3 - 12*s - 9*s + 22*s. Let u be -7 - 8/(-4)*1. Give k(u).
-8
Let j(a) = -a**3 - 5*a**2 - 2*a. Let x be 8/5*(-120)/48. Calculate j(x).
-8
Let s be (1/(-2) + 1)*4. Let a(w) = 2 + 2*w + 5*w + 15*w**2 + 1 - 14*w**s. Suppose 5 = -i - 1. What is a(i)?
-3
Let x(o) = -2 - 4*o + 0*o + 0 + o. Suppose 5*l - 2*p + 4*p + 16 = 0, 10 = -2*l - 2*p. Give x(l).
4
Let q = 1573 - 1562. Let x(k) = k**3 - 10*k**2 - 9*k + 15. Give x(q).
37
Let o(a) be the second derivative of -a**4/24 - 4*a**3/3 - 10*a**2 + 36*a. Let i(t) be the first derivative of o(t). Determine i(-5).
-3
Let y(w) = -w + 15. Let s(v) = 4 - 1 + 4. Let p(d) = 5*s(d) - 2*y(d). Let t be (-32)/(-2)*40/(-80) + 4. What is p(t)?
-3
Suppose -55*s + 52*s = 21. Let w(r) be the third derivative of r**5/60 + 7*r**4/24 - 2*r**3/3 + 8*r**2. Give w(s).
-4
Let o(j) = j**2 - 9*j - 2. Let m be 15/45 + (-28)/(-6). Suppose -2*b + v = -m - 10, -2*b + 4*v = 0. What is o(b)?
8
Let l(h) = 18*h - 1. Suppose 10 = 5*r - 2*v, 4*v - 2 = -r + v. Calculate l(r).
35
Let h(x) = -18*x**3 + 27*x**2 - 20*x + 31. Let q(l) = -13*l**3 + 18*l**2 - 13*l + 21. Let p(k) = -5*h(k) + 7*q(k). What is p(-10)?
2
Let u(w) = w**2 - 3*w + 7. Let g(s) = -s - 7. Let m(y) = -2*g(y) - u(y). Calculate m(3).
13
Let c(p) = -3*p**2 - 104*p + 39. Let k be c(-35). Let u(q) be the second derivative of -q**5/20 + q**4/4 + 2*q**3/3 - 2*q**2 - q. Calculate u(k).
-4
Let d(a) = a**3 + a**2 - 3*a - 2. Let u(k) = -k**2 - 6*k + 5. Let v(b) = -2*b**2 + 2*b - 3. Let j be v(2). Let s be u(j). Determine d(s).
0
Let f(l) = -l**2 - l. Let n = 36 + -29. Suppose 0 = 2*v + 3*v - 3*y + 21, 5*v = -4*y - n. Give f(v).
-6
Let z(w) be the first derivative of -w**4/4 - 16*w**3/3 - w**2/2 - 20*w - 497. Give z(-16).
-4
Suppose 61*h = -187 - 57. Let q(y) = -y - 11. Determine q(h).
-7
Let a(o) = -20*o**3 + 48*o**2 - 26*o + 14. Let n(s) = -7*s**3 + 17*s**2 - 9*s + 5. Let g(j) = 6*a(j) - 17*n(j). Give g(-2).
9
Let v(g) = -11*g + 27. Let l(i) = 17*i - 43. Let o(q) = -5*l(q) - 8*v(q). What is o(-5)?
-16
Let y(n) = -4*n**2 + 132*n**3 - 2*n - 2 - 131*n**3 - 2*n - n**2. Determine y(6).
10
Let z(y) = y**2 - 3*y + 1. Let o be 2 + (1 - -2) + (-6 - -6). What is z(o)?
11
Let x(o) = -o**2 + 9*o + 10. Let s = -1129 - -1141. Calculate x(s).
-26
Let s = -2 - 1. Let v(c) be the third derivative of c**6/360 + c**5/40 - c**4/8 + c**3/2 + 3*c**2. Let h(f) be the first derivative of v(f). Calculate h(s).
-3
Let k(f) = 1. Let t(x) be the first derivative of -5*x**2/2 + 5*x - 12. Let v(n) = 6*k(n) - t(n). Give v(-1).
-4
Suppose -5 = -2*q + 9. Let d(w) be the first derivative of -w**2/2 + 12. Let z(s) = -5*s + 7. Let a(l) = -3*d(l) + z(l). Determine a(q).
-7
Let q(d) = -2*d - 5 + 0*d - 38*d**2 + 4*d. Let k(p) = 2*p + 25*p**2 + 3 - 6*p + 3*p. Let a(y) = -8*k(y) - 5*q(y). Calculate a(1).
-11
Let t(r) = -3*r**3 + 3*r**2 + 6*r - 1. Let k be (6/5)/((-2)/5). Let q(i) = 4*i**3 - 2*i**2 - 5*i + 1. Let s(c) = k*t(c) - 4*q(c). Calculate s(1).
-7
Let o(k) = -k**3 + 5*k**2 + 3*k + 2. Let a be (-65)/26*(-72)/10. Let r = a - 12. Determine o(r).
-16
Suppose -12 - 8 = -4*q. Suppose -q = 3*o - 17. Let a(r) = -r**2 + 4*r - 3. Determine a(o).
-3
Let l(a) = a**2 - 9*a + 18. Let w be l(8). Suppose 13 = -z + w. Let r(m) = -2*m**3 - 3*m**2 + 2*m - 1. Calculate r(z).
20
Let m = 394 - 397. Let t(y) = -3*y**2 - 3*y - 3. Determine t(m).
-21
Let i(v) = v + 4. Suppose -2*o + 60 = -x + 18, 0 = -4*o - 8. Let p be x/6 - (-24)/36. What is i(p)?
-3
Let n(g) = -3 - 11 + 5*g - 8. Let z(d) = 4*d - 21. Let o(c) = 5*n(c) - 6*z(c). Let s be (0*(2 + -1))/(-3). Calculate o(s).
16
Let w(b) = 10*b - 6. Let u be w(3). Suppose m - 3*m = -5*j + 33, u = -m + 4*j. Let q(y) = y**3 + 3*y**2 - 6*y - 1. Give q(m).
7
Let t be -5 + 10 - (10 - 11). Let h(i) be the third derivative of i**6/120 - i**5/10 - 5*i**3/6 - 2*i**2. Determine h(t).
-5
Let o(q) = -10*q**3 - 2*q**2 - q. Let t(l) = l**2 - 9*l - 7. Let g be t(9). Let u = -5 - g. Suppose 0 = -4*b - 12, -3*b = 2*a + u*a + 13. Calculate o(a).
9
Let v = 23 + -4. Suppose 2*a = p - 3*p + 2, 0 = a - 5*p - v. Let y(g) = -g**2 + 4*g + 4. Calculate y(a).
4
Suppose -48 = -14*c + 2*c. Let a(s) = 6*s - 14. Calculate a(c).
10
Let k(s) = 2*s - 4. Suppose -77 = 2*b - 69. Let g(i) = i**2 + 5*i - 1. Let o be g(b). Give k(o).
-14
Let i(r) = -r**3 + 46 + 2*r - 8*r**2 - 15 - 13 + 4 - 7*r**2. Give i(-15).
-8
Let m(q) be the second derivative of q**6/120 + 7*q**5/60 - q**4/3 - q**3 + 23*q**2/2 + 3*q. Let i(j) be the first derivative of m(j). What is i(-8)?
-6
Let o(b) be the second derivative of 1/6*b**3 - 1/2*b**2 - 17*b + 0. What is o(5)?
4
Let a(n) = 62*n + 1. Let i(v) = v**2 + 25*v + 83. Let j be i(-4). What is a(j)?
-61
Let u(i) = i**3 + 8*i**2 - i. Let x(d) be the s